 prime factors of 5082?
2, 3, 7, 11
What are the prime factors of 13415?
5, 2683
List the prime factors of 4913.
17
What are the prime factors of 1636?
2, 409
List the prime factors of 56169.
3, 79
What are the prime factors of 922?
2, 461
What are the prime factors of 37984?
2, 1187
What are the prime factors of 3084?
2, 3, 257
What are the prime factors of 8608?
2, 269
What are the prime factors of 233?
233
List the prime factors of 1061.
1061
What are the prime factors of 554?
2, 277
List the prime factors of 3177.
3, 353
List the prime factors of 187.
11, 17
What are the prime factors of 1551?
3, 11, 47
What are the prime factors of 48686?
2, 11, 2213
List the prime factors of 19791.
3, 733
What are the prime factors of 9168?
2, 3, 191
What are the prime factors of 981?
3, 109
List the prime factors of 14653.
14653
What are the prime factors of 12650?
2, 5, 11, 23
What are the prime factors of 440?
2, 5, 11
List the prime factors of 5108.
2, 1277
What are the prime factors of 98597?
98597
What are the prime factors of 28791?
3, 7, 457
What are the prime factors of 35352?
2, 3, 491
List the prime factors of 50457.
3, 11, 139
List the prime factors of 307.
307
What are the prime factors of 73015?
5, 17, 859
List the prime factors of 2280.
2, 3, 5, 19
What are the prime factors of 1750?
2, 5, 7
What are the prime factors of 139637?
47, 2971
What are the prime factors of 932?
2, 233
List the prime factors of 5124.
2, 3, 7, 61
List the prime factors of 46414.
2, 23, 1009
List the prime factors of 1164.
2, 3, 97
What are the prime factors of 495?
3, 5, 11
List the prime factors of 5705.
5, 7, 163
List the prime factors of 842.
2, 421
List the prime factors of 1778.
2, 7, 127
What are the prime factors of 705?
3, 5, 47
What are the prime factors of 939?
3, 313
What are the prime factors of 43069?
13, 3313
List the prime factors of 1338.
2, 3, 223
List the prime factors of 14054.
2, 7027
What are the prime factors of 6253?
13, 37
What are the prime factors of 4940?
2, 5, 13, 19
What are the prime factors of 12994?
2, 73, 89
What are the prime factors of 69163?
69163
What are the prime factors of 1911?
3, 7, 13
List the prime factors of 25945.
5, 5189
What are the prime factors of 3972?
2, 3, 331
List the prime factors of 3268.
2, 19, 43
List the prime factors of 915.
3, 5, 61
What are the prime factors of 2436?
2, 3, 7, 29
List the prime factors of 48356.
2, 7, 11, 157
List the prime factors of 2085.
3, 5, 139
List the prime factors of 764.
2, 191
What are the prime factors of 773?
773
List the prime factors of 29658.
2, 3, 4943
List the prime factors of 11074.
2, 7, 113
List the prime factors of 12504.
2, 3, 521
List the prime factors of 7381.
11, 61
What are the prime factors of 4901?
13, 29
What are the prime factors of 2869?
19, 151
What are the prime factors of 28177?
19, 1483
List the prime factors of 4140.
2, 3, 5, 23
List the prime factors of 888.
2, 3, 37
List the prime factors of 22732.
2, 5683
What are the prime factors of 37003?
37003
What are the prime factors of 5355?
3, 5, 7, 17
List the prime factors of 865.
5, 173
What are the prime factors of 60846?
2, 3, 10141
What are the prime factors of 253?
11, 23
List the prime factors of 7415.
5, 1483
What are the prime factors of 3783?
3, 13, 97
List the prime factors of 13738.
2, 6869
What are the prime factors of 29379?
3, 7, 1399
List the prime factors of 23324.
2, 7, 17
List the prime factors of 730.
2, 5, 73
What are the prime factors of 49079?
17, 2887
List the prime factors of 83983.
83983
List the prime factors of 39731.
67, 593
List the prime factors of 119934.
2, 3, 2221
List the prime factors of 25609.
25609
What are the prime factors of 13525?
5, 541
What are the prime factors of 8794?
2, 4397
What are the prime factors of 405?
3, 5
List the prime factors of 6550.
2, 5, 131
What are the prime factors of 10049?
13, 773
List the prime factors of 42813.
3, 67, 71
List the prime factors of 4885.
5, 977
List the prime factors of 11075.
5, 443
What are the prime factors of 1103?
1103
List the prime factors of 5176.
2, 647
List the prime factors of 6205.
5, 17, 73
List the prime factors of 129.
3, 43
List the prime factors of 2652.
2, 3, 13, 17
What are the prime factors of 22076?
2, 5519
What are the prime factors of 23277?
3, 7759
What are the prime factors of 32772?
2, 3, 2731
What are the prime factors of 10776?
2, 3, 449
List the prime factors of 7265.
5, 1453
List the prime factors of 1757.
7, 251
List the prime factors of 56.
2, 7
List the prime factors of 76970.
2, 5, 43, 179
What are the prime factors of 3363?
3, 19, 59
What are the prime factors of 4598?
2, 11, 19
What are the prime factors of 334?
2, 167
What are the prime factors of 12083?
43, 281
What are the prime factors of 11754?
2, 3, 653
List the prime factors of 1341.
3, 149
What are the prime factors of 494?
2, 13, 19
List the prime factors of 1715.
5, 7
What are the prime factors of 36179?
11, 13, 23
What are the prime factors of 1005?
3, 5, 67
List the prime factors of 164.
2, 41
What are the prime factors of 1167?
3, 389
List the prime factors of 8353.
8353
What are the prime factors of 5144?
2, 643
List the prime factors of 5563.
5563
List the prime factors of 5176.
2, 647
What are the prime factors of 44679?
3, 53, 281
List the prime factors of 1864.
2, 233
List the prime factors of 3228.
2, 3, 269
What are the prime factors of 11792?
2, 11, 67
What are the prime factors of 3581?
3581
List the prime factors of 8048.
2, 503
What are the prime factors of 4706?
2, 13, 181
List the prime factors of 293.
293
List the prime factors of 1212.
2, 3, 101
What are the prime factors of 6131?
6131
What are the prime factors of 3303?
3, 367
What are the prime factors of 1639?
11, 149
What are the prime factors of 19023?
3, 17, 373
List the prime factors of 78244.
2, 31, 631
What are the prime factors of 30191?
7, 19, 227
What are the prime factors of 1909?
23, 83
List the prime factors of 651.
3, 7, 31
What are the prime factors of 1189?
29, 41
What are the prime factors of 24154?
2, 13, 929
What are the prime factors of 4956?
2, 3, 7, 59
What are the prime factors of 2783?
11, 23
What are the prime factors of 26995?
5, 5399
List the prime factors of 7714.
2, 7, 19, 29
What are the prime factors of 3025?
5, 11
List the prime factors of 3434.
2, 17, 101
What are the prime factors of 2798?
2, 1399
What are the prime factors of 10561?
59, 179
What are the prime factors of 416?
2, 13
What are the prime factors of 6844?
2, 29, 59
What are the prime factors of 1850?
2, 5, 37
List the prime factors of 9090.
2, 3, 5, 101
What are the prime factors of 801?
3, 89
What are the prime factors of 662?
2, 331
List the prime factors of 135.
3, 5
List the prime factors of 5016.
2, 3, 11, 19
List the prime factors of 2968.
2, 7, 53
What are the prime factors of 22984?
2, 13, 17
What are the prime factors of 45706?
2, 22853
What are the prime factors of 307?
307
List the prime factors of 39293.
39293
List the prime factors of 101865.
3, 5, 6791
List the prime factors of 63199.
63199
What are the prime factors of 19242?
2, 3, 1069
What are the prime factors of 33395?
5, 6679
List the prime factors of 4632.
2, 3, 193
List the prime factors of 29924.
2, 7481
What are the prime factors of 229?
229
List the prime factors of 148007.
89, 1663
List the prime factors of 66886.
2, 53, 631
What are the prime factors of 20626?
2, 10313
List the prime factors of 54425.
5, 7, 311
What are the prime factors of 1401?
3, 467
List the prime factors of 7272.
2, 3, 101
List the prime factors of 3721.
61
What are the prime factors of 2253?
3, 751
List the prime factors of 69150.
2, 3, 5, 461
List the prime factors of 1504.
2, 47
List the prime factors of 1810.
2, 5, 181
List the prime factors of 1262.
2, 631
List the prime factors of 5317.
13, 409
List the prime factors of 1869.
3, 7, 89
What are the prime factors of 36494?
2, 71, 257
What are the prime factors of 51771?
3, 17257
What are the prime factors of 29964?
2, 3, 11, 227
What are the prime factors of 98719?
17, 5807
List the prime factors of 3012.
2, 3, 251
List the prime factors of 33843.
3, 29, 389
What are the prime factors of 11824?
2, 739
List the prime factors of 6097.
7, 13, 67
What are the 